en millions digit of 1391336841?
9
What is the ten thousands digit of 233249628?
4
What is the hundred millions digit of 166745382?
1
What is the hundred millions digit of 493503014?
4
What is the ten millions digit of 24093729?
2
What is the millions digit of 99453234?
9
What is the ten thousands digit of 620075742?
7
What is the hundred thousands digit of 152571485?
5
What is the hundreds digit of 439269966?
9
What is the ten millions digit of 3830686490?
3
What is the ten thousands digit of 2815601215?
0
What is the millions digit of 29957356?
9
What is the hundred millions digit of 268202077?
2
What is the hundred millions digit of 766335339?
7
What is the hundreds digit of 34871796?
7
What is the millions digit of 4612201?
4
What is the ten millions digit of 119130361?
1
What is the ten millions digit of 949234811?
4
What is the ten thousands digit of 120403755?
0
What is the ten millions digit of 766575423?
6
What is the units digit of 208114977?
7
What is the tens digit of 30702313?
1
What is the hundred millions digit of 433733123?
4
What is the hundreds digit of 380927211?
2
What is the ten millions digit of 33360569?
3
What is the hundred millions digit of 279695908?
2
What is the millions digit of 68841189?
8
What is the hundred millions digit of 3416849893?
4
What is the tens digit of 671142832?
3
What is the hundred millions digit of 2996220700?
9
What is the hundred thousands digit of 3639405164?
4
What is the hundreds digit of 159844494?
4
What is the hundreds digit of 1183900415?
4
What is the hundred thousands digit of 89328729?
3
What is the hundreds digit of 955521336?
3
What is the tens digit of 52434410?
1
What is the millions digit of 127117104?
7
What is the units digit of 50867197?
7
What is the units digit of 1190566228?
8
What is the hundred millions digit of 2271529575?
2
What is the ten thousands digit of 9269192?
6
What is the thousands digit of 2241898948?
8
What is the hundred thousands digit of 381403958?
4
What is the ten thousands digit of 497867448?
6
What is the ten millions digit of 257326595?
5
What is the hundred thousands digit of 557162130?
1
What is the tens digit of 213071233?
3
What is the hundred millions digit of 1322140875?
3
What is the hundred thousands digit of 6380097796?
0
What is the hundred thousands digit of 44654376?
6
What is the units digit of 60960124?
4
What is the hundred thousands digit of 995040757?
0
What is the millions digit of 2073435212?
3
What is the hundred thousands digit of 717050359?
0
What is the hundreds digit of 519654924?
9
What is the thousands digit of 63908724?
8
What is the tens digit of 1441388877?
7
What is the ten thousands digit of 117508064?
0
What is the ten millions digit of 1692496554?
9
What is the tens digit of 509794023?
2
What is the units digit of 1854453568?
8
What is the tens digit of 1381661525?
2
What is the hundred millions digit of 148952935?
1
What is the millions digit of 48296955?
8
What is the billions digit of 7700819116?
7
What is the hundred thousands digit of 180098923?
0
What is the tens digit of 691019566?
6
What is the thousands digit of 6199836275?
6
What is the tens digit of 259417632?
3
What is the hundreds digit of 19205217?
2
What is the tens digit of 206266106?
0
What is the hundreds digit of 116484266?
2
What is the hundred thousands digit of 2666072?
6
What is the hundreds digit of 53409137?
1
What is the hundred millions digit of 485635491?
4
What is the ten millions digit of 693554212?
9
What is the hundreds digit of 1007783585?
5
What is the tens digit of 940912891?
9
What is the hundred thousands digit of 127691291?
6
What is the tens digit of 8102335?
3
What is the millions digit of 496895089?
6
What is the hundreds digit of 495404211?
2
What is the units digit of 24414832?
2
What is the units digit of 315447780?
0
What is the ten thousands digit of 134179654?
7
What is the ten thousands digit of 27826442?
2
What is the ten millions digit of 1942179538?
4
What is the ten millions digit of 58193077?
5
What is the thousands digit of 7513487?
3
What is the ten thousands digit of 325414457?
1
What is the ten thousands digit of 706108782?
0
What is the hundreds digit of 43334661?
6
What is the hundred thousands digit of 1173390626?
3
What is the hundred thousands digit of 35031179?
0
What is the tens digit of 83978583?
8
What is the hundred thousands digit of 1423249753?
2
What is the thousands digit of 440870129?
0
What is the units digit of 871373367?
7
What is the hundred millions digit of 444720098?
4
What is the units digit of 167713041?
1
What is the hundred thousands digit of 252443928?
4
What is the ten millions digit of 1811025222?
1
What is the hundred millions digit of 141761655?
1
What is the ten millions digit of 13612709?
1
What is the ten millions digit of 1415414745?
1
What is the tens digit of 994281?
8
What is the units digit of 414040852?
2
What is the millions digit of 1622323188?
2
What is the ten thousands digit of 38840887?
4
What is the hundreds digit of 194747729?
7
What is the thousands digit of 2385273746?
3
What is the hundreds digit of 40633949?
9
What is the thousands digit of 233440196?
0
What is the ten millions digit of 445553583?
4
What is the ten thousands digit of 118630936?
3
What is the units digit of 396265376?
6
What is the millions digit of 53692605?
3
What is the hundred millions digit of 121807124?
1
What is the hundreds digit of 8181240?
2
What is the tens digit of 4059105386?
8
What is the tens digit of 342153659?
5
What is the ten thousands digit of 1834631758?
3
What is the thousands digit of 82688668?
8
What is the units digit of 96733101?
1
What is the units digit of 116954259?
9
What is the units digit of 676799312?
2
What is the hundred thousands digit of 2568437442?
4
What is the tens digit of 42243079?
7
What is the units digit of 181778338?
8
What is the ten thousands digit of 1153234207?
3
What is the millions digit of 130655574?
0
What is the units digit of 800307401?
1
What is the hundred millions digit of 990867283?
9
What is the millions digit of 7055680074?
5
What is the ten thousands digit of 1881334965?
3
What is the tens digit of 41132991?
9
What is the thousands digit of 1744216292?
6
What is the hundreds digit of 3520101588?
5
What is the millions digit of 594774466?
4
What is the thousands digit of 4073620625?
0
What is the hundred millions digit of 645108622?
6
What is the units digit of 58382094?
4
What is the hundred millions digit of 442526658?
4
What is the ten millions digit of 112594017?
1
What is the tens digit of 49207545?
4
What is the tens digit of 46260957?
5
What is the hundred millions digit of 806555210?
8
What is the tens digit of 34250469?
6
What is the thousands digit of 7980767?
0
What is the ten millions digit of 1565300870?
6
What is the tens digit of 124120363?
6
What is the ten millions digit of 192490164?
9
What is the units digit of 107442202?
2
What is the hundreds digit of 803763622?
6
What is the hundred millions digit of 224443113?
2
What is the millions digit of 4286031489?
6
What is the hundreds digit of 1526330059?
0
What is the hundred millions digit of 184304424?
1
What is the hundred millions digit of 171462366?
1
What is the hundreds digit of 17423309?
3
What is the millions digit of 1244331447?
4
What is the hundred thousands digit of 3413811492?
8
What is the ten millions digit of 641789658?
4
What is the hundred thousands digit of 1941909?
9
What is the ten thousands digit of 2387456031?
5
What is the thousands digit of 2149536770?
6
What is the hundreds digit of 5815479?
4
What is the thousands digit of 11562785?
2
What is the ten thousands digit of 1423334599?
3
What is the ten millions digit of 1512793739?
1
What is the units digit of 4451852?
2
What is the ten thousands digit of 57714951?
1
What is the millions digit of 1148760103?
8
What is the thousands digit of 66881654?
1
What is the tens digit of 4186236106?
0
What is the ten thousands digit of 51636236?
3
What is the thousands digit of 873015685?
5
What is the ten millions digit of 180260987?
8
What is the thousands digit of 33432807?
2
What is the tens digit of 4627091355?
5
What is the hundred thousands digit of 5397889936?
8
What is the hundred millions di